+ 4. What is the remainder when p is divided by f(1)?
8
Suppose -d - 5 = 0, 4*q - d + 3 = 88. Let l(w) = -w**3 - 5*w**2 + 9*w - 24. What is the remainder when q is divided by l(-7)?
9
Let q(o) = o**2 + 8*o - 3. Suppose 2*h = -5 - 13. Suppose i = -0*i + 17. Calculate the remainder when i is divided by q(h).
5
Suppose 4*j = -0*j + 2*r + 72, -56 = -2*j - 4*r. Calculate the remainder when 59 is divided by j.
19
Calculate the remainder when 46 is divided by 8 - (5 - 7 - -2).
6
Let z(c) = c**3 - c**2 - 3*c. Let y be z(3). Let b = -2 + y. Suppose 2*v - b*v = -50. Calculate the remainder when v is divided by 6.
4
Let q(y) = -y + 2*y - 5 + 2. Let u be q(5). Suppose -u*k + 59 - 7 = 0. Calculate the remainder when 50 is divided by k.
24
Let i be (-20)/(-2) + -1 - 2. Let u = -5 + i. Suppose u*q = -q + 12. What is the remainder when 7 is divided by q?
3
Let o(u) = 4*u**2 + 6*u + 1. Let l(y) = -7*y**2 - 13*y - 2. Let h = 9 - -4. Let m(x) = h*o(x) + 6*l(x). Calculate the remainder when m(2) is divided by 21.
20
Suppose -3*u - 31 - 9 = -2*l, -l = 2*u - 34. Calculate the remainder when 102 is divided by l.
24
Let g(t) = -t**2 - 12*t - 15. Calculate the remainder when g(-4) is divided by 5.
2
Let q(f) = -f**2 + 8*f - 9. Let c be q(7). What is the remainder when 44 is divided by 182/8 - c/8?
21
Suppose 2 = 5*o - 8. Suppose 12 = o*l - 0. What is the remainder when 15 is divided by l?
3
Let z(q) = 76*q**2 - 1. Let p be z(-1). Calculate the remainder when 29 is divided by 20*(-5)/(p/(-6)).
5
Suppose 30 = 4*m - 2*m. What is the remainder when 2*(-1 + (-29)/(-2)) is divided by m?
12
Suppose -8 = -5*u + 12. Calculate the remainder when 29 is divided by 15*2/12*u.
9
Let a(k) = -11*k + 7. What is the remainder when 157 is divided by a(-3)?
37
Let d(b) = -b - 12. Let f be d(-7). Let m = f - -12. Let j(i) = i**3 - 8*i**2 + 9*i - 1. What is the remainder when j(m) is divided by 5?
3
Let y = 8 - -21. Calculate the remainder when 114 is divided by y.
27
Suppose 0 = 19*k - 20*k - 3. Calculate the remainder when 62/((k + 1)*-1) is divided by 1/(2/20) + 1.
9
Let b be (1/(-2))/((-3)/24). Suppose -4 = -b*c + 5*c. Calculate the remainder when 56 is divided by (-2)/(-4) - 74/c.
18
Suppose 4*a - 108 + 12 = 0. Suppose 0 = 3*c - a - 84. Suppose 41 = 2*h - 5*f - 17, -2*h - 4*f = -22. What is the remainder when c is divided by h?
17
Suppose 5*d = -5*b + 255, 2*d - 66 - 36 = -5*b. What is the remainder when 101 is divided by d?
50
Let o(x) = 117*x**2 + x - 2. What is the remainder when o(1) is divided by 21?
11
Let t be (-2)/(-4) - (-6)/(-4). Let s be 2 - 0 - (t + 39). What is the remainder when 5 is divided by s/(-21) + (-2)/(-7)?
1
Calculate the remainder when 45 is divided by -15 + 14 - 34/(-2).
13
Let k = 42 - -51. Suppose -3*z - 2*c + k = c, c = -2*z + 59. Let q(g) = 2*g**2 - g. What is the remainder when z is divided by q(3)?
13
Let q be (2 + (-15)/9)*3. Let m be (-3 - q) + 4/2. What is the remainder when 10 is divided by m/(-5)*(11 + -1)?
2
Suppose -9*k + 5*k + 176 = 0. Let y = 19 + -4. Calculate the remainder when k is divided by y.
14
Suppose -4*x + 9 = -7. Let k be 735/6 - 2/x. Let r = 172 - k. What is the remainder when r is divided by 17?
16
Suppose 3*z - 10 = 32. Suppose 3*u + z = 68. What is the remainder when u is divided by 10?
8
What is the remainder when 52 is divided by (-10 - 12)*(-2)/4?
8
Suppose 0 = -4*x - 4*w + 36, 5*x - 4*w = 45 - 18. Let v(u) = 2*u**2 - 5*u + 7. Let z be 0 + ((-4)/(-1))/1. What is the remainder when v(z) is divided by x?
5
Suppose 0 = -3*n + 7*n - 8, 3*i = 2*n + 14. What is the remainder when i is divided by (3/(12/(-8)))/(-1)?
0
Suppose -2*i - 116 = -6*i. What is the remainder when i is divided by 16?
13
Let g(x) be the third derivative of -x**4/24 + x**3/6 - 5*x**2. Calculate the remainder when g(-7) is divided by (-4)/18 - 94/(-18).
3
Let f(a) = -a - 3. Let p be f(-5). Suppose -p*t + 6 + 4 = 0. Calculate the remainder when 13 is divided by t.
3
Suppose -5*a = -4*a - 27. Let j = -5 + -5. Let h(v) = -v**3 - 10*v**2 - v + 4. What is the remainder when a is divided by h(j)?
13
Let j = 12 - 5. Suppose 2 = 4*d - 6. Calculate the remainder when j is divided by d.
1
Calculate the remainder when 106 is divided by 69/4 - (-78)/104.
16
Suppose -2*x = -4*x - u + 22, 28 = 4*x - 2*u. What is the remainder when (-8)/(-16) - 29/(-2) is divided by x?
6
Let q = -31 + 66. Calculate the remainder when 31 is divided by 588/q + 2/10.
14
Let r = -7 + 10. Suppose -r*h + 19 = -23. What is the remainder when 39 is divided by h?
11
Suppose -13*d + 273 = -156. Let r be (-5)/(-1)*(-4)/5. What is the remainder when d is divided by 18/(-1*6/r)?
9
What is the remainder when 138 is divided by (((-7)/(-21))/((-2)/(-282)))/1?
44
Let a = 25 + -51. Let v = a - -27. What is the remainder when 1 is divided by v?
0
Let i(q) = q**3 + 3*q**2 - q - 1. Let t be i(-3). Suppose 5*v + t = -3*j, -2*j = -4*v - 15 - 13. What is the remainder when 42/5*15/j is divided by 11?
10
Let u(s) = 21*s**3 + s**2. Let k be (-1 - 1) + (-3 - -6). Suppose 4*o - 4 = 0, 0*h + 5*o + 19 = 4*h. What is the remainder when u(k) is divided by h?
4
What is the remainder when 43 is divided by (-301)/(-28) - (-2)/8?
10
Let t = 31 - 19. Calculate the remainder when t is divided by 8.
4
Let h = 6 + 0. Let l(k) = k**3 - 3*k**2 - 2*k - 6. Let v be l(h). Suppose 7*r = 2*r + v. What is the remainder when 53 is divided by r?
17
Let z be -2 - 0 - (-1 - -23). Calculate the remainder when (-80)/3*z/16 is divided by 21.
19
Suppose j - 537 = 2*l - 5*l, 5*j = 3*l - 537. Calculate the remainder when l is divided by 36.
35
Let c(j) = -59*j**3 + j**2 + j + 2. Calculate the remainder when c(-1) is divided by 32.
29
Let s(p) = p**2 + 2*p + 104. Calculate the remainder when s(0) is divided by 27.
23
Suppose 0 = -3*z - 4 - 2. What is the remainder when -1*(75 - 1)/(-2) is divided by (-19)/z*(-4 + 6)?
18
Suppose a + k - 31 = -0*k, -5 = k. What is the remainder when 142 is divided by a?
34
Let a(w) = w + 10. What is the remainder when a(7) is divided by 7?
3
Let c be 2/9 + (-261)/81. Calculate the remainder when 42 is divided by (11/(-2))/(c/6).
9
Suppose -10 + 1 = -c. Calculate the remainder when 13 is divided by c.
4
Calculate the remainder when 82 is divided by ((-8)/(-6))/((-10)/(-195)).
4
Let j be ((-15)/2)/3*4. Let h = 26 - j. Calculate the remainder when h is divided by 13.
10
Let i = 30 + 6. Calculate the remainder when i is divided by 13.
10
Let m(w) = -w**3 - 6*w**2 + 5*w - 7. Suppose 7 = 5*g + 42. What is the remainder when 19 is divided by m(g)?
5
Suppose 2*g = 4*f - 154, -5*g = -9*f + 4*f + 200. Calculate the remainder when f is divided by 10.
7
Let s = 168 - 118. Suppose -8*d + 3*d - s = 0. Let a = 7 - d. Calculate the remainder when 33 is divided by a.
16
Suppose -30 = -5*a - 0*a. Suppose a*g - 42 = 3*g. What is the remainder when 53 is divided by g?
11
Let w(o) = 7*o**2 + o - 3. Calculate the remainder when w(-2) is divided by 8.
7
Calculate the remainder when 8 is divided by (19 - 15)*(-2)/(-4).
0
Suppose 0*d = -4*d, 4*m - 156 = 3*d. What is the remainder when m is divided by 21?
18
Suppose -3*d + 6 = 4*a, 1 = -2*d - 3. Suppose a*l - 2 = 2*l. Suppose 3*y - 15 = l*y. What is the remainder when y is divided by 6?
3
Let m(w) = -w**3 - 4*w**2 + 2*w - 10. Suppose 0 = 4*g + a - 2*a - 52, -65 = -5*g - 5*a. Calculate the remainder when g is divided by m(-5).
3
Suppose 3*n - 71 - 22 = 0. What is the remainder when n is divided by 5*2 + -5 + 3?
7
Let f be 51*(-1 + 4/3). Let x be 10/(-3)*12/(-10). Let c = f - x. Calculate the remainder when 25 is divided by c.
12
Let a(d) = -d**3 + 7*d**2 - d + 15. What is the remainder when 23 is divided by a(7)?
7
Calculate the remainder when 622/8 + -1 + 14/56 is divided by 17.
9
Suppose 0 = -k + 5*k - 20. Suppose r - 4*a = -k, -2*r + 3*a + 6 = 2*r. What is the remainder when (-4)/(-6) - 13/(-3) is divided by r?
2
Suppose -44 = -3*b - 4*g, 0 = 4*b + 4*g - 3*g - 37. Suppose 0 - b = -2*m. What is the remainder when m is divided by 3?
1
Suppose 0 = -4*y - y - 3*l + 35, 4*y - 25 = -3*l. What is the remainder when 48 is divided by y?
8
Suppose -6 + 2 = 2*y. Let j be (-6)/2*(y + 3). Let x = 18 - j. Calculate the remainder when x is divided by 11.
10
Let r(p) = p**3 + 2*p**2 - 3*p + 6. Suppose 3*a 